 t(y).
-24
Let q(g) = -g**2 + 34*g - 182. Suppose -5*t + 24 = 2*k, k - 112 = -4*t - 97. Determine q(k).
7
Let b(g) be the second derivative of -g**4/12 + 13*g**3/6 - 24*g**2 + 82*g - 9. Determine b(7).
-6
Let q(m) = -10 + 3487*m + 2 - 3485*m. Let o be q(-2). Let v(d) = d**2 + 11*d - 11. Determine v(o).
1
Let b(d) = 2*d**2 + 15*d + 20. Let c = -18760 + 18757. What is b(c)?
-7
Let h(l) be the second derivative of -l**4/12 - l**3/2 - 9*l**2/2 + 1643*l + 2. Determine h(-3).
-9
Let y(b) be the third derivative of -b**6/120 + b**5/10 - b**4/24 + 4*b**3/3 + b**2. Let t be -1*1*(-14 + (-7 - -16)). Let s be t + -3*2/(-6). Calculate y(s).
2
Let d = 405 - 408. Let w(q) = 2*q**2 + 2*q + 2. What is w(d)?
14
Let m(h) = -2*h**2 - 44*h - 44. Let x be (-2 + 3 - -1)*(336/(-32) - 0). Calculate m(x).
-2
Let i be (14/(-5)*-5)/(-2). Let l(a) = a**3 + a**2 - a. Let x(f) = f**3 - 4*f**2 + 2*f - 10. Let s(t) = -2*l(t) + x(t). Give s(i).
11
Let m(f) = f + 3. Let s be m(0). Let t be 0 - 1*(1 + s + -14). Let w(c) = 2113*c + c**2 + 8*c**2 - 3 - c**3 + 0 - 2102*c. Calculate w(t).
7
Let n(u) be the second derivative of -u**5/20 + 7*u**4/6 - 17*u**3/6 - 2*u**2 + 15564*u. What is n(11)?
172
Suppose 4*i - 30 = 2. Suppose i*p = p - 28. Let v(j) be the third derivative of j**4/8 + 5*j**3/6 - 8*j**2. Calculate v(p).
-7
Let p(w) = 44*w + 8. Suppose 2*j - 64*d + 59*d + 42 = 0, 0 = -4*j - 4*d + 28. Give p(j).
-36
Let r be 52/10 + (-2)/10. Let p(a) = 1 - 2 - r*a + 5. Let j = 6179 - 6176. Give p(j).
-11
Let n(z) = z + 94. Let p be n(-100). Let l(u) = -3*u**2 - 9*u - 13. Determine l(p).
-67
Let w(l) = l**2 + 473 - l**3 - 473. Let z(f) = f**3 - 4*f**2 + f - 4. Let t(q) = -2*w(q) - z(q). Calculate t(-3).
-2
Let w(n) = -2. Let f(q) = q - 2. Let p(v) = v - 17. Let t be p(15). Let b(a) = t*w(a) + 2*f(a). Suppose i + 4*k - 7 = 0, 0 = 4*k - 3*k - 1. Give b(i).
6
Let d(n) = 14 - 13 - 23*n - 2 - 1 + 3. Suppose k + 2*k - 4*m = 15, -2*k = 5*m + 13. What is d(k)?
-22
Let u(n) = -n + 11. Suppose -211 - 169 = -38*q. What is u(q)?
1
Let r(f) be the third derivative of -f**6/120 + f**5/20 - 5*f**4/24 + 2*f**3/3 + 27*f**2 + 1. Let q = 12 - 12. Let g = 3 - q. Calculate r(g).
-11
Suppose 0 = -5*o - x + 373, 4 = o + 5*x - 61. Let l(c) = 9*c - 157*c**2 + o*c**2 + 83*c**2. Give l(-4).
-20
Suppose 5*p = -o + 10, 0 = p + 2*o + 2*o - 2. Let x(q) = 26 + 6*q**p + 2*q + q**3 - 34 - q - 2*q**3. Give x(6).
-2
Let d(x) = 7*x + x**2 - 10*x + 6*x + 7 - 5 - 3. Let n = -24 - -20. What is d(n)?
3
Let d(v) = -3*v**2 - 2*v + 2. Let s(y) = -5*y**2 - 27*y + 28*y + 2*y**2. Let w be (0 - (8 + -8)) + (0 - -1). Let x be s(w). Calculate d(x).
-6
Suppose -4*g = -0*g + 5*x - 4940, -x = -2*g + 2456. Let j(l) = 1239*l**3 - g*l**3 + 0*l**2 - l + 0*l**2. What is j(-1)?
-8
Let f(m) be the second derivative of m**5/20 - 5*m**4/6 - m**3/6 - 5*m**2 + 6248*m. What is f(11)?
100
Let p(t) = -t**3 + 11*t**2 - 12*t + 16. Suppose 0 = 21*a + 413*a - 4774. Give p(a).
-116
Let k(i) = -i + 1. Let o(h) = 2*h + 4. Let s be 20/40 - 2/(-4). Let g(y) = s*o(y) + k(y). Let d = 63 - 71. Determine g(d).
-3
Suppose 758*w - 750*w = -8. Let f(y) = -8*y**3 - 3*y - 2. What is f(w)?
9
Suppose -76*s = -96*s + 49*s + 174. Let i(w) = w - 6. Give i(s).
-12
Let q(b) = -b**2 - 4*b + 72. Let n be (1/(-1))/(675/(-4050)). Determine q(n).
12
Let b(f) be the first derivative of f**2 - 9*f - 10227. Let c = -4 - -8. What is b(c)?
-1
Let a(d) = -2*d**2 + 13*d - 67. Suppose -3*m + 30 = -2*g, m + 3*g = -108 + 96. Give a(m).
-61
Suppose -2*x + 0*x = -284. Let q(c) = 144*c + 144*c - 423*c + x*c. Calculate q(-1).
-7
Let y be 234/8 - 2/8. Let i(w) be the second derivative of -3*w**2 + 8*w - y*w + 3*w**2 + w**3. Give i(-1).
-6
Let y(k) be the second derivative of -5*k**3/6 - 155*k**2/2 + 162*k + 1. Determine y(-29).
-10
Let t(a) be the second derivative of 1/20*a**5 + 7*a - 7/12*a**4 + 0 - 1/2*a**2 + 4/3*a**3. Suppose -6 = 3*n, -26*w = -22*w + 5*n - 14. Determine t(w).
11
Let c = -92 - -157. Let n = -37 + c. Let p be (6/(-8) + 1)*n. Let h(s) = -s**2 + 7*s + 6. What is h(p)?
6
Let p(i) = 6*i + 19. Let z be p(-4). Let l be 1*20/z - 7/(-1). Let j(h) = -2*h + 3*h - h - l - 2*h. Give j(-7).
11
Suppose 4*v + 57 = 5*i, i + 2*i = 2*v + 35. Let z(d) = 0 + 8 + 7*d - 33*d + 25*d. Determine z(i).
-5
Let x(m) = -m**3 + 46*m**2 - 276*m + 120. Let a be x(39). Let p(o) = 5*o**2 - o - 7. Calculate p(a).
35
Let r(v) = -v**3 + 10*v**2 - 9*v + 2. Let z be r(9). Let m(o) = -47 + 2*o**2 - o**z + 21 + 23 + o. Let a(t) = -3*t + 14. Let n be a(6). What is m(n)?
9
Suppose 2*x = 7*x - 4*l - 20, -4*x + 3*l = -15. Let o(k) = 4 - 1 - 383*k + 382*k - 1. Calculate o(x).
2
Let q(j) = -j**2 - 4*j + 1 + 0*j + 0*j**2. Let o(n) = -2242*n - 3. Let g be o(0). Calculate q(g).
4
Let t(w) = w**3 - 5*w**2 - 2*w + 8. Suppose 26*d = 27*d - 3*l + 3, 12 = -2*d + 8*l. Give t(d).
32
Suppose -5*y = -4*t + 10, 2*t + 10 = 80*y - 75*y. Let w(f) = f**2 - 10*f - 10. Calculate w(t).
-10
Suppose 0 = -4*k, 10 = 2*i + 3*k - 4. Let x(p) = -2*p**2 - 5*p**2 - 733661*p**3 + 733662*p**3 + 1 + 0 + 4*p. Determine x(i).
29
Let r(f) = -f**3 + 3*f**2 + 3*f. Let m(g) = 2*g**2 - 9*g + 7. Let o(q) = q - 1. Suppose -4*k - 9 = -25. Let n be o(k). Let z be m(n). What is r(z)?
14
Let f(t) = t**3 - 8*t**2 - 10*t + 14. Let d be 16/2 + 21 + -12 + -8. What is f(d)?
5
Let v = 316 - 299. Let l(y) = -y**3 + 15*y**2 + 35*y - 10. Let z be l(v). Let a(j) = j**3 - 8*j**2 + 7*j - 6. Determine a(z).
-6
Let a(z) = -30*z + 26. Let j(b) = -23*b + 18. Let y(s) = -3*a(s) + 4*j(s). Let u be 4/(-6) + 180/27. Give y(u).
-18
Let q = 0 - 0. Let v(r) be the third derivative of -r**4/24 - 13*r**3/6 - 28*r**2 + 7*r + 10. Give v(q).
-13
Let m(s) = 2*s - 57. Suppose 5*o = -4*l + 139, -133 = -5*o - 3*l - 0. What is m(o)?
-11
Suppose 753 = -5*u - 2*o + 780, o = -4*u + 18. Let t(x) = -x + 33. What is t(u)?
30
Suppose 18 = 3*t + 4*i, 9 = t + 3*i - 2. Let l(y) = 119*y**t + 5 - 117*y**2 - y - 5*y. Calculate l(5).
25
Let s = 66 + 95. Suppose 146 = 3*r + s. Let m(u) = u**3 + 3*u**2 - 6. Let o(q) = -3*q**3 - 8*q**2 + q + 18. Let p(a) = -7*m(a) - 2*o(a). Calculate p(r).
16
Let k(f) be the second derivative of -f**5/20 + 9*f**4/4 - 35*f**2/2 + 5934*f. Determine k(27).
-35
Let r(k) = -k**3 - 4*k**2 + 4*k + 5. Suppose 7*x + 73 + 32 = 0. Let o be (-5 - 85/x)*-6. Give r(o).
-11
Let t(f) = 237*f - 122. Let p(z) = -127*z + 66. Let y(b) = 11*p(b) + 6*t(b). Give y(-3).
-81
Let m(x) = -x - 9. Suppose 5*d = -4*p - 52, 4*p = d - 35 - 17. Calculate m(p).
4
Let q(r) = 1 + 5*r**2 + r**3 - 6*r - 2*r**3 + 6. Let o(v) = 11*v**2 + 124*v - 1403. Let c be o(7). Calculate q(c).
-1
Let x(w) = -17*w**2 - 3*w + 2. Let g be x(1). Let o be 32/(-112) + g/(-14). Let p(h) = 6*h**2 + h + 4*h - 5*h. Calculate p(o).
6
Let m(w) be the first derivative of -5*w**2 - 76*w + 4128. Give m(-7).
-6
Suppose -2*x + 21 + 1 = 0. Suppose 0 = 2*r + 7 - x. Let c(b) = -3 + 4*b**r + 2*b**2 + 5*b - b**3 - 5*b**2. Give c(3).
-6
Let h be ((-21)/(-14))/((-3)/(-22)). Let y(w) = w**2 - 10*w - 7. Let a be y(h). Let x(m) = 5 + 10*m**3 - m**2 - 2*m - 9*m**3 - 3*m**2. What is x(a)?
-3
Let s be (-7 + (-3 - -7))*(0 - (-2)/3). Let q(p) = -2*p**3 + 3*p**2 + 5*p + 3. Give q(s).
21
Let q(h) = h**3 - 4*h**2 - 2*h + 3. Let n(z) be the first derivative of 7*z**2/2 - 12*z - 1. Let y = -13080 - -13082. Let j be n(y). What is q(j)?
-9
Let r(k) = 227*k - 71 + 50 - 224*k. What is r(-11)?
-54
Let n(r) = -r**2 - 7*r - 5. Suppose 30*o + 28 = 37*o. Suppose -o*z - 36 = 4*l, 3*z - 4*l = -0*z - 6. What is n(z)?
1
Suppose 24 = -7*n + 31*n. Let j be (n + 1)/(5/(-10)) + -4. Let o(w) = w**3 + 9*w**2 + 9*w + 5. Calculate o(j).
-3
Let k(l) be the first derivative of l**4/4 - 2*l**3/3 - l**2 + l + 3294. Let p = -1 - -4. What is k(p)?
4
Suppose 121*q - 123*q = -2. Suppose -18*o + 37 - q = 0. Let b(r) = -r**3 - 2*r**2 + r - 1. What is b(o)?
-15
Let b be 24/16*(150/(-18) + -9). Let d(o) = -49*o - 1275. Determine d(b).
-1
Suppose -252*b = -248*b - 8. Let g be 2*(0 + b/4). Let u(y) = -4*y + 6. Give u(g).
2
Let m(d) = -d**2 - 3*d + 3. Let z be (40/(-60))/((-8)/3 + 2). Let a be ((-2)/(-4))/(2/(21 - z)). Let l be 0 + 4/(a/(-5)). Give m(l).
-1
Let r(m) = -10*m - 34. Let j(f) = 26*f + 90. Let w(u) = -3*j(u) - 8*r(u). Give w(-6).
-10
Let f(v) = 34*v**2 - 41*v**3 + 40*v**3 + 10 - 8*v**2 - 